{"id":83,"date":"2024-10-01T11:14:50","date_gmt":"2024-10-01T11:14:50","guid":{"rendered":"https:\/\/drdtech.pl\/?page_id=83"},"modified":"2024-10-07T07:22:56","modified_gmt":"2024-10-07T07:22:56","slug":"o-nas","status":"publish","type":"page","link":"https:\/\/drdtech.pl\/?page_id=83","title":{"rendered":"O nas"},"content":{"rendered":"\n<figure class=\"wp-block-image size-full\"><img loading=\"lazy\" decoding=\"async\" width=\"1024\" height=\"1024\" src=\"https:\/\/drdtech.pl\/wp-content\/uploads\/2024\/10\/all-funcion.jpg\" alt=\"\" class=\"wp-image-81\" srcset=\"https:\/\/drdtech.pl\/wp-content\/uploads\/2024\/10\/all-funcion.jpg 1024w, https:\/\/drdtech.pl\/wp-content\/uploads\/2024\/10\/all-funcion-300x300.jpg 300w, https:\/\/drdtech.pl\/wp-content\/uploads\/2024\/10\/all-funcion-150x150.jpg 150w, https:\/\/drdtech.pl\/wp-content\/uploads\/2024\/10\/all-funcion-768x768.jpg 768w\" sizes=\"(max-width: 1024px) 100vw, 1024px\" \/><\/figure>\n\n\n\n<p class=\"has-text-align-center\"><strong>Oferujemy kompleksowe rozwi\u0105zania monitoringu, system\u00f3w alarmowych i instalacji elektrycznych. Z nami zbudujesz stabiln\u0105 sie\u0107 LAN i stworzysz inteligentny dom, kt\u00f3ry dopasuje si\u0119 do Twoich potrzeb. <\/strong><\/p>\n\n\n\n<p class=\"has-text-align-center\"><mark style=\"background-color:rgba(0, 0, 0, 0)\" class=\"has-inline-color has-primary-color\"><strong>Skontaktuj si\u0119 z nami, aby zwi\u0119kszy\u0107 bezpiecze\u0144stwo i wygod\u0119 swojego \u017cycia.<\/strong><\/mark><\/p>\n\n\n\n<figure class=\"wp-block-image aligncenter size-full\"><img loading=\"lazy\" decoding=\"async\" width=\"393\" height=\"297\" src=\"https:\/\/drdtech.pl\/wp-content\/uploads\/2024\/10\/image.png\" alt=\"\" class=\"wp-image-84\" srcset=\"https:\/\/drdtech.pl\/wp-content\/uploads\/2024\/10\/image.png 393w, https:\/\/drdtech.pl\/wp-content\/uploads\/2024\/10\/image-300x227.png 300w\" sizes=\"(max-width: 393px) 100vw, 393px\" \/><\/figure>\n\n\n\n<div class=\"wpcf7 no-js\" id=\"wpcf7-f121-o1\" lang=\"pl-PL\" dir=\"ltr\">\n<div class=\"screen-reader-response\"><p role=\"status\" aria-live=\"polite\" aria-atomic=\"true\"><\/p> <ul><\/ul><\/div>\n<form action=\"\/index.php?rest_route=%2Fwp%2Fv2%2Fpages%2F83#wpcf7-f121-o1\" method=\"post\" class=\"wpcf7-form init\" aria-label=\"Formularz kontaktowy\" novalidate=\"novalidate\" data-status=\"init\">\n<div style=\"display: none;\">\n<input type=\"hidden\" name=\"_wpcf7\" value=\"121\" \/>\n<input type=\"hidden\" name=\"_wpcf7_version\" value=\"5.9.8\" \/>\n<input type=\"hidden\" name=\"_wpcf7_locale\" value=\"pl_PL\" \/>\n<input type=\"hidden\" name=\"_wpcf7_unit_tag\" value=\"wpcf7-f121-o1\" \/>\n<input type=\"hidden\" name=\"_wpcf7_container_post\" value=\"0\" \/>\n<input type=\"hidden\" name=\"_wpcf7_posted_data_hash\" value=\"\" \/>\n<\/div>\n<p><label> Twoje imi\u0119 i nazwisko<br \/>\n<span class=\"wpcf7-form-control-wrap\" data-name=\"your-name\"><input size=\"40\" maxlength=\"400\" class=\"wpcf7-form-control wpcf7-text wpcf7-validates-as-required\" autocomplete=\"name\" aria-required=\"true\" aria-invalid=\"false\" value=\"\" type=\"text\" name=\"your-name\" \/><\/span> <\/label>\n<\/p>\n<p><label> Tw\u00f3j adres e-mail<br \/>\n<span class=\"wpcf7-form-control-wrap\" data-name=\"your-email\"><input size=\"40\" maxlength=\"400\" class=\"wpcf7-form-control wpcf7-email wpcf7-validates-as-required wpcf7-text wpcf7-validates-as-email\" autocomplete=\"email\" aria-required=\"true\" aria-invalid=\"false\" value=\"\" type=\"email\" name=\"your-email\" \/><\/span> <\/label>\n<\/p>\n<p><label> Temat<br \/>\n<span class=\"wpcf7-form-control-wrap\" data-name=\"your-subject\"><input size=\"40\" maxlength=\"400\" class=\"wpcf7-form-control wpcf7-text wpcf7-validates-as-required\" aria-required=\"true\" aria-invalid=\"false\" value=\"\" type=\"text\" name=\"your-subject\" \/><\/span> <\/label>\n<\/p>\n<p><label> Twoja wiadomo\u015bci (opcjonalne)<br \/>\n<span class=\"wpcf7-form-control-wrap\" data-name=\"your-message\"><textarea cols=\"40\" rows=\"10\" maxlength=\"2000\" class=\"wpcf7-form-control wpcf7-textarea\" aria-invalid=\"false\" name=\"your-message\"><\/textarea><\/span> <\/label><br \/>\n<span class=\"wpcf7-form-control-wrap\" data-name=\"acceptance-353\"><span class=\"wpcf7-form-control wpcf7-acceptance\"><span class=\"wpcf7-list-item\"><label><input type=\"checkbox\" name=\"acceptance-353\" value=\"1\" aria-invalid=\"false\" \/><span class=\"wpcf7-list-item-label\">Wyra\u017cam zgod\u0119 na przetwarzanie podanych danych w celu kontaktu<\/span><\/label><\/span><\/span><\/span>\n<\/p>\n<p><input class=\"wpcf7-form-control wpcf7-submit has-spinner\" type=\"submit\" value=\"Wy\u015blij\" \/>\n<\/p><div class=\"wpcf7-response-output\" aria-hidden=\"true\"><\/div>\n<\/form>\n<\/div>\n\n","protected":false},"excerpt":{"rendered":"<p>Oferujemy kompleksowe rozwi\u0105zania monitoringu, system\u00f3w alarmowych i instalacji elektrycznych. Z nami zbudujesz stabiln\u0105 sie\u0107 LAN [&hellip;]<\/p>\n","protected":false},"author":1,"featured_media":0,"parent":0,"menu_order":0,"comment_status":"closed","ping_status":"closed","template":"","meta":{"footnotes":""},"class_list":["post-83","page","type-page","status-publish","hentry"],"yoast_head":"<!-- This site is optimized with the Yoast SEO plugin v25.6 - https:\/\/yoast.com\/wordpress\/plugins\/seo\/ -->\n<title>O nas - DRDTECH<\/title>\n<meta name=\"robots\" content=\"index, follow, max-snippet:-1, max-image-preview:large, max-video-preview:-1\" \/>\n<link rel=\"canonical\" href=\"https:\/\/drdtech.pl\/?page_id=83\" \/>\n<meta property=\"og:locale\" content=\"pl_PL\" \/>\n<meta property=\"og:type\" content=\"article\" \/>\n<meta property=\"og:title\" content=\"O nas - DRDTECH\" \/>\n<meta property=\"og:description\" content=\"Oferujemy kompleksowe rozwi\u0105zania monitoringu, system\u00f3w alarmowych i instalacji elektrycznych. Z nami zbudujesz stabiln\u0105 sie\u0107 LAN [&hellip;]\" \/>\n<meta property=\"og:url\" content=\"https:\/\/drdtech.pl\/?page_id=83\" \/>\n<meta property=\"og:site_name\" content=\"DRDTECH\" \/>\n<meta property=\"article:modified_time\" content=\"2024-10-07T07:22:56+00:00\" \/>\n<meta property=\"og:image\" content=\"https:\/\/drdtech.pl\/wp-content\/uploads\/2024\/10\/all-funcion.jpg\" \/>\n<meta name=\"twitter:card\" content=\"summary_large_image\" \/>\n<meta name=\"twitter:label1\" content=\"Szacowany czas czytania\" \/>\n\t<meta name=\"twitter:data1\" content=\"1 minuta\" \/>\n<script type=\"application\/ld+json\" class=\"yoast-schema-graph\">{\"@context\":\"https:\/\/schema.org\",\"@graph\":[{\"@type\":\"WebPage\",\"@id\":\"https:\/\/drdtech.pl\/?page_id=83\",\"url\":\"https:\/\/drdtech.pl\/?page_id=83\",\"name\":\"O nas - DRDTECH\",\"isPartOf\":{\"@id\":\"https:\/\/drdtech.pl\/#website\"},\"primaryImageOfPage\":{\"@id\":\"https:\/\/drdtech.pl\/?page_id=83#primaryimage\"},\"image\":{\"@id\":\"https:\/\/drdtech.pl\/?page_id=83#primaryimage\"},\"thumbnailUrl\":\"https:\/\/drdtech.pl\/wp-content\/uploads\/2024\/10\/all-funcion.jpg\",\"datePublished\":\"2024-10-01T11:14:50+00:00\",\"dateModified\":\"2024-10-07T07:22:56+00:00\",\"breadcrumb\":{\"@id\":\"https:\/\/drdtech.pl\/?page_id=83#breadcrumb\"},\"inLanguage\":\"pl-PL\",\"potentialAction\":[{\"@type\":\"ReadAction\",\"target\":[\"https:\/\/drdtech.pl\/?page_id=83\"]}]},{\"@type\":\"ImageObject\",\"inLanguage\":\"pl-PL\",\"@id\":\"https:\/\/drdtech.pl\/?page_id=83#primaryimage\",\"url\":\"https:\/\/drdtech.pl\/wp-content\/uploads\/2024\/10\/all-funcion.jpg\",\"contentUrl\":\"https:\/\/drdtech.pl\/wp-content\/uploads\/2024\/10\/all-funcion.jpg\",\"width\":1024,\"height\":1024},{\"@type\":\"BreadcrumbList\",\"@id\":\"https:\/\/drdtech.pl\/?page_id=83#breadcrumb\",\"itemListElement\":[{\"@type\":\"ListItem\",\"position\":1,\"name\":\"Strona g\u0142\u00f3wna\",\"item\":\"https:\/\/drdtech.pl\/\"},{\"@type\":\"ListItem\",\"position\":2,\"name\":\"O nas\"}]},{\"@type\":\"WebSite\",\"@id\":\"https:\/\/drdtech.pl\/#website\",\"url\":\"https:\/\/drdtech.pl\/\",\"name\":\"DRDTECH\",\"description\":\"Przyjazna firma DRDTECH\",\"publisher\":{\"@id\":\"https:\/\/drdtech.pl\/#organization\"},\"potentialAction\":[{\"@type\":\"SearchAction\",\"target\":{\"@type\":\"EntryPoint\",\"urlTemplate\":\"https:\/\/drdtech.pl\/?s={search_term_string}\"},\"query-input\":{\"@type\":\"PropertyValueSpecification\",\"valueRequired\":true,\"valueName\":\"search_term_string\"}}],\"inLanguage\":\"pl-PL\"},{\"@type\":\"Organization\",\"@id\":\"https:\/\/drdtech.pl\/#organization\",\"name\":\"DRDTECH\",\"url\":\"https:\/\/drdtech.pl\/\",\"logo\":{\"@type\":\"ImageObject\",\"inLanguage\":\"pl-PL\",\"@id\":\"https:\/\/drdtech.pl\/#\/schema\/logo\/image\/\",\"url\":\"https:\/\/drdtech.pl\/wp-content\/uploads\/2024\/09\/logo-mniejsze.png\",\"contentUrl\":\"https:\/\/drdtech.pl\/wp-content\/uploads\/2024\/09\/logo-mniejsze.png\",\"width\":903,\"height\":317,\"caption\":\"DRDTECH\"},\"image\":{\"@id\":\"https:\/\/drdtech.pl\/#\/schema\/logo\/image\/\"}}]}<\/script>\n<!-- \/ Yoast SEO plugin. -->","yoast_head_json":{"title":"O nas - DRDTECH","robots":{"index":"index","follow":"follow","max-snippet":"max-snippet:-1","max-image-preview":"max-image-preview:large","max-video-preview":"max-video-preview:-1"},"canonical":"https:\/\/drdtech.pl\/?page_id=83","og_locale":"pl_PL","og_type":"article","og_title":"O nas - DRDTECH","og_description":"Oferujemy kompleksowe rozwi\u0105zania monitoringu, system\u00f3w alarmowych i instalacji elektrycznych. Z nami zbudujesz stabiln\u0105 sie\u0107 LAN [&hellip;]","og_url":"https:\/\/drdtech.pl\/?page_id=83","og_site_name":"DRDTECH","article_modified_time":"2024-10-07T07:22:56+00:00","og_image":[{"url":"https:\/\/drdtech.pl\/wp-content\/uploads\/2024\/10\/all-funcion.jpg","type":"","width":"","height":""}],"twitter_card":"summary_large_image","twitter_misc":{"Szacowany czas czytania":"1 minuta"},"schema":{"@context":"https:\/\/schema.org","@graph":[{"@type":"WebPage","@id":"https:\/\/drdtech.pl\/?page_id=83","url":"https:\/\/drdtech.pl\/?page_id=83","name":"O nas - DRDTECH","isPartOf":{"@id":"https:\/\/drdtech.pl\/#website"},"primaryImageOfPage":{"@id":"https:\/\/drdtech.pl\/?page_id=83#primaryimage"},"image":{"@id":"https:\/\/drdtech.pl\/?page_id=83#primaryimage"},"thumbnailUrl":"https:\/\/drdtech.pl\/wp-content\/uploads\/2024\/10\/all-funcion.jpg","datePublished":"2024-10-01T11:14:50+00:00","dateModified":"2024-10-07T07:22:56+00:00","breadcrumb":{"@id":"https:\/\/drdtech.pl\/?page_id=83#breadcrumb"},"inLanguage":"pl-PL","potentialAction":[{"@type":"ReadAction","target":["https:\/\/drdtech.pl\/?page_id=83"]}]},{"@type":"ImageObject","inLanguage":"pl-PL","@id":"https:\/\/drdtech.pl\/?page_id=83#primaryimage","url":"https:\/\/drdtech.pl\/wp-content\/uploads\/2024\/10\/all-funcion.jpg","contentUrl":"https:\/\/drdtech.pl\/wp-content\/uploads\/2024\/10\/all-funcion.jpg","width":1024,"height":1024},{"@type":"BreadcrumbList","@id":"https:\/\/drdtech.pl\/?page_id=83#breadcrumb","itemListElement":[{"@type":"ListItem","position":1,"name":"Strona g\u0142\u00f3wna","item":"https:\/\/drdtech.pl\/"},{"@type":"ListItem","position":2,"name":"O nas"}]},{"@type":"WebSite","@id":"https:\/\/drdtech.pl\/#website","url":"https:\/\/drdtech.pl\/","name":"DRDTECH","description":"Przyjazna firma DRDTECH","publisher":{"@id":"https:\/\/drdtech.pl\/#organization"},"potentialAction":[{"@type":"SearchAction","target":{"@type":"EntryPoint","urlTemplate":"https:\/\/drdtech.pl\/?s={search_term_string}"},"query-input":{"@type":"PropertyValueSpecification","valueRequired":true,"valueName":"search_term_string"}}],"inLanguage":"pl-PL"},{"@type":"Organization","@id":"https:\/\/drdtech.pl\/#organization","name":"DRDTECH","url":"https:\/\/drdtech.pl\/","logo":{"@type":"ImageObject","inLanguage":"pl-PL","@id":"https:\/\/drdtech.pl\/#\/schema\/logo\/image\/","url":"https:\/\/drdtech.pl\/wp-content\/uploads\/2024\/09\/logo-mniejsze.png","contentUrl":"https:\/\/drdtech.pl\/wp-content\/uploads\/2024\/09\/logo-mniejsze.png","width":903,"height":317,"caption":"DRDTECH"},"image":{"@id":"https:\/\/drdtech.pl\/#\/schema\/logo\/image\/"}}]}},"_links":{"self":[{"href":"https:\/\/drdtech.pl\/index.php?rest_route=\/wp\/v2\/pages\/83"}],"collection":[{"href":"https:\/\/drdtech.pl\/index.php?rest_route=\/wp\/v2\/pages"}],"about":[{"href":"https:\/\/drdtech.pl\/index.php?rest_route=\/wp\/v2\/types\/page"}],"author":[{"embeddable":true,"href":"https:\/\/drdtech.pl\/index.php?rest_route=\/wp\/v2\/users\/1"}],"replies":[{"embeddable":true,"href":"https:\/\/drdtech.pl\/index.php?rest_route=%2Fwp%2Fv2%2Fcomments&post=83"}],"version-history":[{"count":3,"href":"https:\/\/drdtech.pl\/index.php?rest_route=\/wp\/v2\/pages\/83\/revisions"}],"predecessor-version":[{"id":122,"href":"https:\/\/drdtech.pl\/index.php?rest_route=\/wp\/v2\/pages\/83\/revisions\/122"}],"wp:attachment":[{"href":"https:\/\/drdtech.pl\/index.php?rest_route=%2Fwp%2Fv2%2Fmedia&parent=83"}],"curies":[{"name":"wp","href":"https:\/\/api.w.org\/{rel}","templated":true}]}}